 1017?
520
What is the remainder when 283300 is divided by 283298?
2
What is the remainder when 457 is divided by 387?
70
What is the remainder when 287 is divided by 22?
1
Calculate the remainder when 4562 is divided by 4549.
13
Calculate the remainder when 218303 is divided by 31185.
8
What is the remainder when 14383 is divided by 209?
171
Calculate the remainder when 19992 is divided by 242.
148
What is the remainder when 17456 is divided by 829?
47
Calculate the remainder when 1438 is divided by 29.
17
Calculate the remainder when 19101 is divided by 61.
8
Calculate the remainder when 18315 is divided by 71.
68
What is the remainder when 821 is divided by 659?
162
What is the remainder when 5964 is divided by 169?
49
Calculate the remainder when 17845 is divided by 126.
79
What is the remainder when 896253 is divided by 384?
381
Calculate the remainder when 8492 is divided by 763.
99
What is the remainder when 10210 is divided by 111?
109
Calculate the remainder when 757060 is divided by 12.
4
What is the remainder when 3097 is divided by 812?
661
What is the remainder when 34973 is divided by 8?
5
Calculate the remainder when 18499 is divided by 213.
181
What is the remainder when 1050872 is divided by 175?
172
Calculate the remainder when 403 is divided by 310.
93
Calculate the remainder when 152787 is divided by 142.
137
Calculate the remainder when 13019 is divided by 20.
19
What is the remainder when 7338 is divided by 41?
40
Calculate the remainder when 6234 is divided by 85.
29
Calculate the remainder when 367925 is divided by 6570.
5
Calculate the remainder when 121834 is divided by 34.
12
Calculate the remainder when 137256 is divided by 24.
0
Calculate the remainder when 31198 is divided by 3119.
8
Calculate the remainder when 1744 is divided by 1707.
37
Calculate the remainder when 32592 is divided by 265.
262
Calculate the remainder when 84376 is divided by 84365.
11
What is the remainder when 3108 is divided by 819?
651
What is the remainder when 2100 is divided by 188?
32
Calculate the remainder when 44943 is divided by 99.
96
Calculate the remainder when 8148 is divided by 4057.
34
What is the remainder when 25591 is divided by 8529?
4
Calculate the remainder when 8672 is divided by 963.
5
What is the remainder when 9884 is divided by 4934?
16
What is the remainder when 11928 is divided by 16?
8
What is the remainder when 684 is divided by 145?
104
Calculate the remainder when 33941 is divided by 69.
62
What is the remainder when 3236 is divided by 860?
656
What is the remainder when 394 is divided by 381?
13
Calculate the remainder when 1258816 is divided by 66.
64
Calculate the remainder when 619739 is divided by 11918.
3
Calculate the remainder when 40660 is divided by 271.
10
Calculate the remainder when 11840 is divided by 1379.
808
Calculate the remainder when 96829 is divided by 267.
175
Calculate the remainder when 364229 is divided by 855.
854
What is the remainder when 2205 is divided by 460?
365
Calculate the remainder when 328 is divided by 38.
24
What is the remainder when 8300 is divided by 2677?
269
What is the remainder when 151 is divided by 145?
6
Calculate the remainder when 415 is divided by 135.
10
Calculate the remainder when 11508 is divided by 2871.
24
Calculate the remainder when 10906 is divided by 520.
506
Calculate the remainder when 33881 is divided by 33870.
11
Calculate the remainder when 1103 is divided by 172.
71
Calculate the remainder when 132734 is divided by 6986.
0
What is the remainder when 13045 is divided by 308?
109
Calculate the remainder when 2036 is divided by 339.
2
Calculate the remainder when 41999 is divided by 10467.
131
What is the remainder when 2899 is divided by 20?
19
Calculate the remainder when 9481 is divided by 527.
522
What is the remainder when 3457 is divided by 265?
12
Calculate the remainder when 14630 is divided by 746.
456
Calculate the remainder when 82674 is divided by 11.
9
What is the remainder when 38259 is divided by 792?
243
Calculate the remainder when 2965 is divided by 2889.
76
What is the remainder when 19106 is divided by 955?
6
Calculate the remainder when 86826 is divided by 368.
346
What is the remainder when 393 is divided by 85?
53
What is the remainder when 5946 is divided by 1869?
339
Calculate the remainder when 31870 is divided by 375.
370
What is the remainder when 2156 is divided by 93?
17
Calculate the remainder when 396603 is divided by 371.
4
Calculate the remainder when 242 is divided by 135.
107
What is the remainder when 402368 is divided by 979?
978
What is the remainder when 70964 is divided by 7094?
24
Calculate the remainder when 1339382 is divided by 13.
5
What is the remainder when 18456 is divided by 102?
96
What is the remainder when 12872704 is divided by 33?
31
What is the remainder when 5535839 is divided by 1821?
1820
What is the remainder when 33371 is divided by 795?
776
Calculate the remainder when 4637 is divided by 1151.
33
Calculate the remainder when 1409980 is divided by 42.
40
What is the remainder when 231 is divided by 91?
49
What is the remainder when 1290009 is divided by 579?
576
What is the remainder when 479407 is divided by 37?
35
Calculate the remainder when 3363 is divided by 437.
304
What is the remainder when 2038 is divided by 282?
64
Calculate the remainder when 5030 is divided by 167.
20
Calculate the remainder when 127144 is divided by 31.
13
Calculate the remainder when 3070 is divided by 722.
182
Calculate the remainder when 5967 is divided by 1985.
12
What is the remainder when 2806 is divided by 292?
178
What is the remainder when 1312520 is divided by 768?
8
Calculate the remainder when 4847 is divided by 1211.
3
Calculate the remainder when 797 is divided by 790.
7
What is the remainder when 2848 is divided by 138?
88
Calculate the remainder when 2583 is divided by 513.
18
Calculate the remainder when 52879 is divided by 86.
75
Calculate the remainder when 1529 is divided by 1503.
26
What is the remainder when 8602 is divided by 21?
13
What is the remainder when 59454 is divided by 37?
32
What is the remainder when 9010 is divided by 8982?
28
What is the remainder when 5658 is divided by 195?
3
Calculate the remainder when 2700 is divided by 646.
116
What is the remainder when 23971 is divided by 26?
25
Calculate the remainder when 3204 is divided by 247.
240
What is the remainder when 4403 is divided by 746?
673
What is the remainder when 14027 is divided by 21?
20
Calculate the remainder when 385 is divided by 354.
31
What is the remainder when 63750 is divided by 251?
247
What is the remainder when 2096 is divided by 849?
398
What is the remainder when 33090 is divided by 1946?
8
What is the remainder when 4878 is divided by 56?
6
What is the remainder when 80440 is divided by 123?
121
What is the remainder when 122452 is divided by 139?
132
What is the remainder when 1192 is divided by 4?
0
Calculate the remainder when 1257 is divided by 206.
21
Calculate the remainder when 61390 is divided by 85.
20
Calculate the remainder when 24238 is divided by 42.
4
What is the remainder when 3797 is divided by 849?
401
Calculate the remainder when 115037 is divided by 166.
165
Calculate the remainder when 4262 is divided by 852.
2
What is the remainder when 121604 is divided by 7?
0
Calculate the remainder when 396015 is divided by 361.
359
What is the remainder when 90477 is divided by 23?
18
Calculate the remainder when 37457 is divided by 56.
49
Calculate the remainder when 23379 is divided by 35.
34
Calculate the remainder when 3587 is divided by 2920.
667
Calculate the remainder when 2568 is divided by 111.
15
What is the remainder when 35846 is divided by 430?
156
Calculate the remainder when 1395518 is divided by 56.
54
Calculate the remainder when 663917 is divided by 724.
9
What is the remainder when 1808 is divided by 124?
72
Calculate the remainder when 196795 is divided by 65584.
43
Calculate the remainder when 5046 is divided by 448.
118
What is the remainder when 586015 is divided by 226?
223
Calculate the remainder when 767 is divided by 234.
65
What is the remainder when 912698 is divided by 9?
8
Calculate the remainder when 223921 is divided by 74.
71
What is the remainder 